{"id":13,"date":"2019-08-16T09:18:46","date_gmt":"2019-08-16T09:18:46","guid":{"rendered":"http:\/\/tvsky.pl\/cms\/?page_id=13"},"modified":"2025-02-03T14:48:07","modified_gmt":"2025-02-03T14:48:07","slug":"tv_cennik","status":"publish","type":"page","link":"https:\/\/tvsky.pl\/cms\/index.php\/telewizja-kablowa\/tv_cennik\/","title":{"rendered":"Cennik us\u0142ug telewizyjnych"},"content":{"rendered":"<h6><\/h6>\r\n<table class=\"wp-block-table\" style=\"height: 486px;\" width=\"798\">\r\n<tbody>\r\n<tr>\r\n<td>\r\n<h6>\u00a0<strong>WYCI\u0104G Z AKTUALNEGO CENNIKA OBOWI\u0104ZUJ\u0104CEGO OD DNIA 1.02.2025 ROKU.<\/strong><\/h6>\r\n<\/td>\r\n<\/tr>\r\n<tr>\r\n<td>\r\n<h6>POD\u0141\u0104CZENIE TELEWIZJI KABLOWEJ<\/h6>\r\n<\/td>\r\n<td>\r\n<h6>JEDNORAZOWO<\/h6>\r\n<\/td>\r\n<td>\r\n<h6>49 Z\u0141<\/h6>\r\n<\/td>\r\n<\/tr>\r\n<tr>\r\n<td>\r\n<h6>ZMIANA PAKIETU ODBIERANEJ US\u0141UGI NA INN\u0104<\/h6>\r\n<\/td>\r\n<td>\r\n<h6>KA\u017bDORAZOWO<\/h6>\r\n<\/td>\r\n<td>\r\n<h6>0\u00a0Z\u0141<\/h6>\r\n<\/td>\r\n<\/tr>\r\n<tr>\r\n<td>\r\n<h6>TERMINOWE ZAWIESZENIE SYGNA\u0141U NA OKRES MINIMUM 3 MIESI\u0104CE &#8211; MAKSYMALNIE 6 MIESI\u0118CY (DLA UM\u00d3W BEZTERM.)<\/h6>\r\n<\/td>\r\n<td>\r\n<h6>KA\u017bDORAZOWO<\/h6>\r\n<\/td>\r\n<td>\r\n<h6>0\u00a0Z\u0141<\/h6>\r\n<\/td>\r\n<\/tr>\r\n<tr>\r\n<td>\r\n<h6>ROZGA\u0141\u0118ZIENIE SYGNA\u0141U DO DW\u00d3CH ODBIORNIK\u00d3W TV W ISTNIEJ\u0104CEJ INSTALACJI<\/h6>\r\n<\/td>\r\n<td>\r\n<h6>JEDNORAZOWO<\/h6>\r\n<\/td>\r\n<td>\r\n<h6>95 Z\u0141<\/h6>\r\n<\/td>\r\n<\/tr>\r\n<tr>\r\n<td>\r\n<h6>ROZGA\u0141\u0118ZIENIE SYGNA\u0141U DO TRZECH ODBIORNIK\u00d3W TV W ISTNIEJ\u0104CEJ INSTALACJI<\/h6>\r\n<\/td>\r\n<td>\r\n<h6>JEDNORAZOWO<\/h6>\r\n<\/td>\r\n<td>\r\n<h6>105 Z\u0141<\/h6>\r\n<\/td>\r\n<\/tr>\r\n<tr>\r\n<td>\r\n<h6>STROJENIE TELEWIZORA &#8211; AUTOMATYCZNIE, KANA\u0141Y CYFROWE DVB-C &#8211; JEDEN ODBIORNIK TV<\/h6>\r\n<\/td>\r\n<td>\r\n<h6>KA\u017bDORAZOWO<\/h6>\r\n<\/td>\r\n<td>\r\n<h6>40 Z\u0141<\/h6>\r\n<\/td>\r\n<\/tr>\r\n<tr>\r\n<td>\r\n<h6>STROJENIE TELEWIZORA &#8211; KANA\u0141Y CYFROWE DVB-C Z POZYCJONOWANIEM &#8211; JEDEN ODBIORNIK TV<\/h6>\r\n<\/td>\r\n<td>\r\n<h6>KA\u017bDORAZOWO<\/h6>\r\n<\/td>\r\n<td>\r\n<h6>70 Z\u0141<\/h6>\r\n<\/td>\r\n<\/tr>\r\n<tr>\r\n<td>\r\n<h6>PAKIET \u201eMINI\u201d OD 1.12.2022<\/h6>\r\n<\/td>\r\n<td>\r\n<h6>MIESI\u0118CZNIE<\/h6>\r\n<\/td>\r\n<td>\r\n<h6>29 Z\u0141<\/h6>\r\n<\/td>\r\n<\/tr>\r\n<tr>\r\n<td>\r\n<h6>PAKIET \u201ePODSTAWOWY\u201d OD 1.12.2022<\/h6>\r\n<\/td>\r\n<td>\r\n<h6>MIESI\u0118CZNIE<\/h6>\r\n<\/td>\r\n<td>\r\n<h6>64 Z\u0141<\/h6>\r\n<\/td>\r\n<\/tr>\r\n<tr>\r\n<td>\r\n<h6>PAKIET \u201eROZSZERZONY\u201d OD 1.12.2022<\/h6>\r\n<\/td>\r\n<td>\r\n<h6>MIESI\u0118CZNIE<\/h6>\r\n<\/td>\r\n<td>\r\n<h6>86 Z\u0141<\/h6>\r\n<\/td>\r\n<\/tr>\r\n<tr>\r\n<td>\r\n<p>\u00a0<strong>wszystkie ceny s\u0105 cenami brutto i zawieraj\u0105 podatek VAT <\/strong><strong>oraz zawieraj\u0105 ulgi za terminow\u0105 wp\u0142at\u0119 w wysoko\u015bci 5 z\u0142 brutto, ulg\u0119 za elektroniczn\u0105 faktur\u0119 VAT w wysoko\u015bci 5 z\u0142 brutto raz ulg\u0119 2 z\u0142 brutto za wp\u0142at\u0119 got\u00f3wkow\u0105 w kasie Stowarzyszenia lub przelewem bankowym na konto Operatora.<\/strong><\/p>\r\n<\/td>\r\n<\/tr>\r\n<\/tbody>\r\n<\/table>\r\n","protected":false},"excerpt":{"rendered":"<p>\u00a0WYCI\u0104G Z AKTUALNEGO CENNIKA OBOWI\u0104ZUJ\u0104CEGO OD DNIA 1.02.2025 ROKU. POD\u0141\u0104CZENIE TELEWIZJI KABLOWEJ JEDNORAZOWO 49 Z\u0141 ZMIANA PAKIETU ODBIERANEJ US\u0141UGI NA INN\u0104 KA\u017bDORAZOWO 0\u00a0Z\u0141 TERMINOWE ZAWIESZENIE SYGNA\u0141U NA OKRES MINIMUM 3 MIESI\u0104CE &#8211; MAKSYMALNIE 6 MIESI\u0118CY (DLA UM\u00d3W BEZTERM.) KA\u017bDORAZOWO 0\u00a0Z\u0141 ROZGA\u0141\u0118ZIENIE SYGNA\u0141U DO DW\u00d3CH ODBIORNIK\u00d3W TV W ISTNIEJ\u0104CEJ INSTALACJI JEDNORAZOWO 95 Z\u0141 ROZGA\u0141\u0118ZIENIE SYGNA\u0141U DO &hellip; <\/p>\n<p><a class=\"more-link btn\" href=\"https:\/\/tvsky.pl\/cms\/index.php\/telewizja-kablowa\/tv_cennik\/\">Czytaj dalej<\/a><\/p>\n","protected":false},"author":1,"featured_media":0,"parent":43,"menu_order":3,"comment_status":"closed","ping_status":"closed","template":"","meta":{"footnotes":""},"class_list":["post-13","page","type-page","status-publish","hentry","nodate","item-wrap"],"_links":{"self":[{"href":"https:\/\/tvsky.pl\/cms\/index.php\/wp-json\/wp\/v2\/pages\/13","targetHints":{"allow":["GET"]}}],"collection":[{"href":"https:\/\/tvsky.pl\/cms\/index.php\/wp-json\/wp\/v2\/pages"}],"about":[{"href":"https:\/\/tvsky.pl\/cms\/index.php\/wp-json\/wp\/v2\/types\/page"}],"author":[{"embeddable":true,"href":"https:\/\/tvsky.pl\/cms\/index.php\/wp-json\/wp\/v2\/users\/1"}],"replies":[{"embeddable":true,"href":"https:\/\/tvsky.pl\/cms\/index.php\/wp-json\/wp\/v2\/comments?post=13"}],"version-history":[{"count":14,"href":"https:\/\/tvsky.pl\/cms\/index.php\/wp-json\/wp\/v2\/pages\/13\/revisions"}],"predecessor-version":[{"id":410,"href":"https:\/\/tvsky.pl\/cms\/index.php\/wp-json\/wp\/v2\/pages\/13\/revisions\/410"}],"up":[{"embeddable":true,"href":"https:\/\/tvsky.pl\/cms\/index.php\/wp-json\/wp\/v2\/pages\/43"}],"wp:attachment":[{"href":"https:\/\/tvsky.pl\/cms\/index.php\/wp-json\/wp\/v2\/media?parent=13"}],"curies":[{"name":"wp","href":"https:\/\/api.w.org\/{rel}","templated":true}]}}