{"id":19,"date":"2019-08-16T09:20:18","date_gmt":"2019-08-16T09:20:18","guid":{"rendered":"http:\/\/tvsky.pl\/cms\/?page_id=19"},"modified":"2025-02-03T14:41:32","modified_gmt":"2025-02-03T14:41:32","slug":"int_warunki","status":"publish","type":"page","link":"https:\/\/tvsky.pl\/cms\/index.php\/internet\/int_warunki\/","title":{"rendered":"Warunki pod\u0142\u0105czenia Internetu"},"content":{"rendered":"\r\n<p><strong>ZAWARCIE UMOWY<\/strong><\/p>\r\n\r\n\r\n\r\n<ul class=\"wp-block-list\">\r\n<li>Umowa na dost\u0119p do sieci SKY.NET jest promocyjn\u0105 umow\u0105 BEZTERMINOW\u0104 z dwumiesi\u0119cznym okresem wypowiedzenia.<\/li>\r\n<li>Jednorazowa op\u0142ata za pod\u0142\u0105czenie wynosi 49 z\u0142 brutto przy nowej instalacji<\/li>\r\n<li>Jednorazowa op\u0142ata za pod\u0142\u0105czenie\u00a0 wynosi 1 z\u0142 brutto przy istniej\u0105cej instalacji w lokalu.<\/li>\r\n<\/ul>\r\n\r\n\r\n\r\n<p><strong>P\u0141ATNO\u015aCI<\/strong><\/p>\r\n\r\n\r\n\r\n<ul class=\"wp-block-list\">\r\n<li>P\u0142atno\u015b\u0107 abonamentu z tytu\u0142u odbioru pakietu SKY.NET odbywa si\u0119 do 15-tego dnia danego miesi\u0105ca za dany miesi\u0105c abonamentowy \u2013 czyli na przyk\u0142ad za stycze\u0144 p\u0142acimy do 15-stego stycznia, za luty do 15-stego lutego itd\u2026<\/li>\r\n<li>Osoby p\u0142ac\u0105ce kwartalnie proszone s\u0105 o p\u0142atno\u015b\u0107 do po\u0142owy kwarta\u0142u.<\/li>\r\n<li>Numery abonenckie zalegaj\u0105ce powy\u017cej dw\u00f3ch termin\u00f3w p\u0142atno\u015bci traktowane s\u0105 jako zaleg\u0142o\u015b\u0107 abonamentowa i podlegaj\u0105 standardowej procedurze windykacyjnej.<\/li>\r\n<\/ul>\r\n\r\n\r\n\r\n<p><strong>ZAWIESZENIE WARUNK\u00d3W UMOWY<\/strong><\/p>\r\n\r\n\r\n\r\n<ul class=\"wp-block-list\">\r\n<li>Istnieje mo\u017cliwo\u015b\u0107 zawieszenia us\u0142ugi SKY.NET \u00a0na okres nie kr\u00f3tszy ni\u017c pe\u0142ne 3 miesi\u0105ce abonamentowe i nie d\u0142u\u017cszy ni\u017c 6 miesi\u0119cy abonamentowych (nale\u017cy zg\u0142osi\u0107 na formularzu SKY-Z.INT \u00a0w naszym biurze przed okresem zawieszenia)<\/li>\r\n<li>Zmiany dokonujemy z 30-dniowym wyprzedzeniem ze skutkiem na koniec miesi\u0105ca (czyli zmian\u0119 od 1 marca deklarujemy do 31 stycznia)<\/li>\r\n<li>Op\u0142ata za zawieszenie sygna\u0142u to 0 z\u0142.<\/li>\r\n<li>Obowi\u0105zuje tylko i wy\u0142\u0105cznie dla um\u00f3w bezterminowych i um\u00f3w bez aneks\u00f3w terminowych<\/li>\r\n<\/ul>\r\n\r\n\r\n\r\n<p><strong>ZMIANA PAKIETU<\/strong><\/p>\r\n\r\n\r\n\r\n<ul class=\"wp-block-list\">\r\n<li>ZMIANY PAKIETU US\u0141UGI SKY.NET \u00a0mo\u017cna dokona\u0107 do ostatniego dnia miesi\u0105ca poprzedzaj\u0105cego zmian\u0119 pakietu na formularzu SKY-Z.INT (drukowane automatycznie w naszym biurze)<\/li>\r\n<li>Zmiany dokonujemy z 30-dniowym wyprzedzeniem ze skutkiem na koniec miesi\u0105ca (czyli zmian\u0119 od 1 marca deklarujemy do 31 stycznia)<\/li>\r\n<\/ul>\r\n\r\n\r\n\r\n<p><strong>WYPOWIEDZENIE UMOWY<\/strong><\/p>\r\n\r\n\r\n\r\n<ul class=\"wp-block-list\">\r\n<li>umowa na dost\u0119p do us\u0142ugi SKY.NET posiada dwumiesi\u0119czny okres wypowiedzenia ze skutkiem na koniec miesi\u0105ca na koniec drugiego pe\u0142nego miesi\u0105ca abonamentowego nast\u0119puj\u0105cego po terminie wypowiedzenia.<\/li>\r\n<li>w wypadku wypowiadania umowy przez krewnych za osob\u0119 zmar\u0142\u0105, kt\u00f3ra posiada\u0142a u nas wykupion\u0105 us\u0142ug\u0119 \u00a0\u2013 prosimy o dostarczenie aktu zgonu \u2013 taka umowa wypowiadania jest z pomini\u0119ciem terminu wypowiedzenia na koniec miesi\u0105ca w kt\u00f3rym zosta\u0142 dostarczony do naszego biura akt zgonu.<\/li>\r\n<li>umowy aneksowane na czas okre\u015blony w ramach promocji posiadaj\u0105 jednomiesi\u0119czny termin wypowiedzenia. Po okresie promocyjnym umowa taka staje si\u0119 z powrotem umow\u0105 bezterminow\u0105 z dwumiesi\u0119cznym okresem wypowiedzenia.<\/li>\r\n<\/ul>\r\n\r\n\r\n\r\n<p><strong>NIE JEST MO\u017bLIWA ZMIANA PAKIETU ANI ZAWIESZENIE ODBIORU WSTECZ<\/strong><\/p>\r\n","protected":false},"excerpt":{"rendered":"<p>ZAWARCIE UMOWY Umowa na dost\u0119p do sieci SKY.NET jest promocyjn\u0105 umow\u0105 BEZTERMINOW\u0104 z dwumiesi\u0119cznym okresem wypowiedzenia. Jednorazowa op\u0142ata za pod\u0142\u0105czenie wynosi 49 z\u0142 brutto przy nowej instalacji Jednorazowa op\u0142ata za pod\u0142\u0105czenie\u00a0 wynosi 1 z\u0142 brutto przy istniej\u0105cej instalacji w lokalu. P\u0141ATNO\u015aCI P\u0142atno\u015b\u0107 abonamentu z tytu\u0142u odbioru pakietu SKY.NET odbywa si\u0119 do 15-tego dnia danego miesi\u0105ca &hellip; <\/p>\n<p><a class=\"more-link btn\" href=\"https:\/\/tvsky.pl\/cms\/index.php\/internet\/int_warunki\/\">Czytaj dalej<\/a><\/p>\n","protected":false},"author":1,"featured_media":0,"parent":45,"menu_order":1,"comment_status":"closed","ping_status":"closed","template":"","meta":{"footnotes":""},"class_list":["post-19","page","type-page","status-publish","hentry","nodate","item-wrap"],"_links":{"self":[{"href":"https:\/\/tvsky.pl\/cms\/index.php\/wp-json\/wp\/v2\/pages\/19","targetHints":{"allow":["GET"]}}],"collection":[{"href":"https:\/\/tvsky.pl\/cms\/index.php\/wp-json\/wp\/v2\/pages"}],"about":[{"href":"https:\/\/tvsky.pl\/cms\/index.php\/wp-json\/wp\/v2\/types\/page"}],"author":[{"embeddable":true,"href":"https:\/\/tvsky.pl\/cms\/index.php\/wp-json\/wp\/v2\/users\/1"}],"replies":[{"embeddable":true,"href":"https:\/\/tvsky.pl\/cms\/index.php\/wp-json\/wp\/v2\/comments?post=19"}],"version-history":[{"count":5,"href":"https:\/\/tvsky.pl\/cms\/index.php\/wp-json\/wp\/v2\/pages\/19\/revisions"}],"predecessor-version":[{"id":408,"href":"https:\/\/tvsky.pl\/cms\/index.php\/wp-json\/wp\/v2\/pages\/19\/revisions\/408"}],"up":[{"embeddable":true,"href":"https:\/\/tvsky.pl\/cms\/index.php\/wp-json\/wp\/v2\/pages\/45"}],"wp:attachment":[{"href":"https:\/\/tvsky.pl\/cms\/index.php\/wp-json\/wp\/v2\/media?parent=19"}],"curies":[{"name":"wp","href":"https:\/\/api.w.org\/{rel}","templated":true}]}}